{"id":9568,"date":"2023-04-26T21:05:22","date_gmt":"2023-04-27T02:05:22","guid":{"rendered":"https:\/\/alquimiaseresencia.com\/tienda\/?post_type=product&#038;p=9568"},"modified":"2023-05-23T22:26:30","modified_gmt":"2023-05-24T03:26:30","slug":"pulseras-con-cristales-19","status":"publish","type":"product","link":"https:\/\/alquimiaseresencia.com\/tienda\/producto\/pulseras-con-cristales-19\/","title":{"rendered":"AMPL\u00cdA TU SINTON\u00cdA ESPIRITUAL"},"content":{"rendered":"<p><strong>APATITO - ANGELITA - PIEDRA DEL SOL<\/strong><\/p>\n<p>En ocasiones te sientes desconectado de Dios, de la Fuente, de los \u00e1ngeles. Esta combinaci\u00f3n de cristales es realmente poderosa por tener una elevada vibraci\u00f3n espiritual que te permitir\u00e1 explorar la comunicaci\u00f3n del mundo f\u00edsico con el espiritual y as\u00ed tendr\u00e1s mayor disposici\u00f3n energ\u00e9tica para percibir sus mensajes.<\/p>\n<p><em>IMPORTANTE:<\/em> Por tratarse de piezas con cristales naturales pueden tener peque\u00f1as variaciones naturales con respecto a la fotograf\u00eda. El dije puede variar.<\/p>\n","protected":false},"excerpt":{"rendered":"<p>APATITO - ANGELITA - PIEDRA DEL SOL En ocasiones te sientes desconectado de Dios, de la Fuente, de los \u00e1ngeles. Esta combinaci\u00f3n de cristales es realmente poderosa por tener una elevada vibraci\u00f3n espiritual que te permitir\u00e1 explorar la comunicaci\u00f3n del mundo f\u00edsico con el espiritual y as\u00ed tendr\u00e1s mayor disposici\u00f3n energ\u00e9tica para percibir sus mensajes. [&hellip;]<\/p>\n","protected":false},"featured_media":9504,"comment_status":"open","ping_status":"closed","template":"","meta":{"_seopress_robots_primary_cat":"","_seopress_titles_title":"","_seopress_titles_desc":"","_seopress_robots_index":"","_et_pb_use_builder":"","_et_pb_old_content":"","_et_gb_content_width":"","_joinchat":[]},"product_cat":[98],"product_tag":[],"class_list":{"0":"post-9568","1":"product","2":"type-product","3":"status-publish","4":"has-post-thumbnail","6":"product_cat-pulseras-con-cristales-cat-n","8":"first","9":"instock","10":"shipping-taxable","11":"purchasable","12":"product-type-variable"},"_links":{"self":[{"href":"https:\/\/alquimiaseresencia.com\/tienda\/wp-json\/wp\/v2\/product\/9568"}],"collection":[{"href":"https:\/\/alquimiaseresencia.com\/tienda\/wp-json\/wp\/v2\/product"}],"about":[{"href":"https:\/\/alquimiaseresencia.com\/tienda\/wp-json\/wp\/v2\/types\/product"}],"replies":[{"embeddable":true,"href":"https:\/\/alquimiaseresencia.com\/tienda\/wp-json\/wp\/v2\/comments?post=9568"}],"wp:featuredmedia":[{"embeddable":true,"href":"https:\/\/alquimiaseresencia.com\/tienda\/wp-json\/wp\/v2\/media\/9504"}],"wp:attachment":[{"href":"https:\/\/alquimiaseresencia.com\/tienda\/wp-json\/wp\/v2\/media?parent=9568"}],"wp:term":[{"taxonomy":"product_cat","embeddable":true,"href":"https:\/\/alquimiaseresencia.com\/tienda\/wp-json\/wp\/v2\/product_cat?post=9568"},{"taxonomy":"product_tag","embeddable":true,"href":"https:\/\/alquimiaseresencia.com\/tienda\/wp-json\/wp\/v2\/product_tag?post=9568"}],"curies":[{"name":"wp","href":"https:\/\/api.w.org\/{rel}","templated":true}]}}