{"id":9569,"date":"2023-04-26T21:10:22","date_gmt":"2023-04-27T02:10:22","guid":{"rendered":"https:\/\/alquimiaseresencia.com\/tienda\/?post_type=product&#038;p=9569"},"modified":"2023-05-23T22:25:21","modified_gmt":"2023-05-24T03:25:21","slug":"pulseras-con-cristales-18","status":"publish","type":"product","link":"https:\/\/alquimiaseresencia.com\/tienda\/producto\/pulseras-con-cristales-18\/","title":{"rendered":"PREP\u00c1RATE PARA LOS NUEVOS COMIENZOS"},"content":{"rendered":"<p><strong>CORNALINA - CUARZO CRISTAL - \u00c1GATA DE LA INDIA<\/strong><\/p>\n<p>Siempre est\u00e1s en un constante cambio donde cierras ciclos e inicias otros. Esta combinaci\u00f3n te ayudar\u00e1 a tener una profunda conexi\u00f3n con la tierra y, gracias a ella, podr\u00e1s tener mayor claridad al iniciar un proyecto, sea de car\u00e1cter personal o profesional, y a disfrutar de cada uno de los pasos en el camino.<\/p>\n<p><em>IMPORTANTE:<\/em> Por tratarse de piezas con cristales naturales pueden tener peque\u00f1as variaciones naturales con respecto a la fotograf\u00eda. El dije puede variar.<\/p>\n","protected":false},"excerpt":{"rendered":"<p>CORNALINA - CUARZO CRISTAL - \u00c1GATA DE LA INDIA Siempre est\u00e1s en un constante cambio donde cierras ciclos e inicias otros. Esta combinaci\u00f3n te ayudar\u00e1 a tener una profunda conexi\u00f3n con la tierra y, gracias a ella, podr\u00e1s tener mayor claridad al iniciar un proyecto, sea de car\u00e1cter personal o profesional, y a disfrutar de [&hellip;]<\/p>\n","protected":false},"featured_media":9500,"comment_status":"open","ping_status":"closed","template":"","meta":{"_seopress_robots_primary_cat":"","_seopress_titles_title":"","_seopress_titles_desc":"","_seopress_robots_index":"","_et_pb_use_builder":"","_et_pb_old_content":"","_et_gb_content_width":"","_joinchat":[]},"product_cat":[98],"product_tag":[],"class_list":{"0":"post-9569","1":"product","2":"type-product","3":"status-publish","4":"has-post-thumbnail","6":"product_cat-pulseras-con-cristales-cat-n","8":"first","9":"instock","10":"shipping-taxable","11":"purchasable","12":"product-type-variable"},"_links":{"self":[{"href":"https:\/\/alquimiaseresencia.com\/tienda\/wp-json\/wp\/v2\/product\/9569"}],"collection":[{"href":"https:\/\/alquimiaseresencia.com\/tienda\/wp-json\/wp\/v2\/product"}],"about":[{"href":"https:\/\/alquimiaseresencia.com\/tienda\/wp-json\/wp\/v2\/types\/product"}],"replies":[{"embeddable":true,"href":"https:\/\/alquimiaseresencia.com\/tienda\/wp-json\/wp\/v2\/comments?post=9569"}],"wp:featuredmedia":[{"embeddable":true,"href":"https:\/\/alquimiaseresencia.com\/tienda\/wp-json\/wp\/v2\/media\/9500"}],"wp:attachment":[{"href":"https:\/\/alquimiaseresencia.com\/tienda\/wp-json\/wp\/v2\/media?parent=9569"}],"wp:term":[{"taxonomy":"product_cat","embeddable":true,"href":"https:\/\/alquimiaseresencia.com\/tienda\/wp-json\/wp\/v2\/product_cat?post=9569"},{"taxonomy":"product_tag","embeddable":true,"href":"https:\/\/alquimiaseresencia.com\/tienda\/wp-json\/wp\/v2\/product_tag?post=9569"}],"curies":[{"name":"wp","href":"https:\/\/api.w.org\/{rel}","templated":true}]}}