{"id":9581,"date":"2023-04-27T00:20:22","date_gmt":"2023-04-27T05:20:22","guid":{"rendered":"https:\/\/alquimiaseresencia.com\/tienda\/?post_type=product&#038;p=9581"},"modified":"2023-05-23T22:37:07","modified_gmt":"2023-05-24T03:37:07","slug":"pulseras-con-cristales-6","status":"publish","type":"product","link":"https:\/\/alquimiaseresencia.com\/tienda\/producto\/pulseras-con-cristales-6\/","title":{"rendered":"CON\u00c9CTATE CON LA GU\u00cdA DEL ARC\u00c1NGEL METATR\u00d3N - ALINEACI\u00d3N Y UNIDAD"},"content":{"rendered":"<p><strong>LAPISL\u00c1ZULI - KUNZITA - AVENTURINA<\/strong><\/p>\n<p>Metatr\u00f3n es uno de los arc\u00e1ngeles encarnados en la tierra, fue el profeta Enoc. Este arc\u00e1ngel te recuerda que eres un ser multidimensional y junto con esta m\u00e1gica combinaci\u00f3n de cristales te ayudar\u00e1 a ir muy profundo en ti, reconociendo que no est\u00e1s separado de Dios y que tienes ante ti infinitas posibilidades de crecimiento y expansi\u00f3n.<\/p>\n<p><em>IMPORTANTE:<\/em> Por tratarse de piezas con cristales naturales pueden tener peque\u00f1as variaciones naturales con respecto a la fotograf\u00eda. El dije puede variar.<\/p>\n","protected":false},"excerpt":{"rendered":"<p>LAPISL\u00c1ZULI - KUNZITA - AVENTURINA Metatr\u00f3n es uno de los arc\u00e1ngeles encarnados en la tierra, fue el profeta Enoc. Este arc\u00e1ngel te recuerda que eres un ser multidimensional y junto con esta m\u00e1gica combinaci\u00f3n de cristales te ayudar\u00e1 a ir muy profundo en ti, reconociendo que no est\u00e1s separado de Dios y que tienes ante [&hellip;]<\/p>\n","protected":false},"featured_media":9452,"comment_status":"open","ping_status":"closed","template":"","meta":{"_seopress_robots_primary_cat":"","_seopress_titles_title":"","_seopress_titles_desc":"","_seopress_robots_index":"","_et_pb_use_builder":"","_et_pb_old_content":"","_et_gb_content_width":"","_joinchat":[]},"product_cat":[98],"product_tag":[],"class_list":{"0":"post-9581","1":"product","2":"type-product","3":"status-publish","4":"has-post-thumbnail","6":"product_cat-pulseras-con-cristales-cat-n","8":"first","9":"instock","10":"shipping-taxable","11":"purchasable","12":"product-type-variable"},"_links":{"self":[{"href":"https:\/\/alquimiaseresencia.com\/tienda\/wp-json\/wp\/v2\/product\/9581"}],"collection":[{"href":"https:\/\/alquimiaseresencia.com\/tienda\/wp-json\/wp\/v2\/product"}],"about":[{"href":"https:\/\/alquimiaseresencia.com\/tienda\/wp-json\/wp\/v2\/types\/product"}],"replies":[{"embeddable":true,"href":"https:\/\/alquimiaseresencia.com\/tienda\/wp-json\/wp\/v2\/comments?post=9581"}],"wp:featuredmedia":[{"embeddable":true,"href":"https:\/\/alquimiaseresencia.com\/tienda\/wp-json\/wp\/v2\/media\/9452"}],"wp:attachment":[{"href":"https:\/\/alquimiaseresencia.com\/tienda\/wp-json\/wp\/v2\/media?parent=9581"}],"wp:term":[{"taxonomy":"product_cat","embeddable":true,"href":"https:\/\/alquimiaseresencia.com\/tienda\/wp-json\/wp\/v2\/product_cat?post=9581"},{"taxonomy":"product_tag","embeddable":true,"href":"https:\/\/alquimiaseresencia.com\/tienda\/wp-json\/wp\/v2\/product_tag?post=9581"}],"curies":[{"name":"wp","href":"https:\/\/api.w.org\/{rel}","templated":true}]}}